{"id":628,"date":"2025-02-20T15:55:53","date_gmt":"2025-02-20T15:55:53","guid":{"rendered":"https:\/\/serverupagency.com\/demo-cuatro\/producto\/teclado-gaming-rgb-eagle-warrior-kgy282u0002c-tkl-mecanico-alambrico-espanol\/"},"modified":"2025-02-20T15:55:54","modified_gmt":"2025-02-20T15:55:54","slug":"teclado-gaming-rgb-eagle-warrior-kgy282u0002c-tkl-mecanico-alambrico-espanol","status":"publish","type":"product","link":"https:\/\/www.groundbreakingprojects.online\/ecommerce-modern\/producto\/teclado-gaming-rgb-eagle-warrior-kgy282u0002c-tkl-mecanico-alambrico-espanol\/","title":{"rendered":"TECLADO GAMING RGB EAGLE WARRIOR KGY282U0002C TKL MEC\u00c1NICO AL\u00c1MBRICO ESPA\u00d1OL"},"content":{"rendered":"","protected":false},"excerpt":{"rendered":"","protected":false},"featured_media":627,"comment_status":"open","ping_status":"closed","template":"","meta":{"_et_pb_use_builder":"","_et_pb_old_content":"","_et_gb_content_width":"","inline_featured_image":false},"product_brand":[],"product_cat":[46],"product_tag":[],"class_list":{"0":"post-628","1":"product","2":"type-product","3":"status-publish","4":"has-post-thumbnail","6":"product_cat-teclados","8":"first","9":"instock","10":"shipping-taxable","11":"purchasable","12":"product-type-simple"},"_links":{"self":[{"href":"https:\/\/www.groundbreakingprojects.online\/ecommerce-modern\/wp-json\/wp\/v2\/product\/628","targetHints":{"allow":["GET"]}}],"collection":[{"href":"https:\/\/www.groundbreakingprojects.online\/ecommerce-modern\/wp-json\/wp\/v2\/product"}],"about":[{"href":"https:\/\/www.groundbreakingprojects.online\/ecommerce-modern\/wp-json\/wp\/v2\/types\/product"}],"replies":[{"embeddable":true,"href":"https:\/\/www.groundbreakingprojects.online\/ecommerce-modern\/wp-json\/wp\/v2\/comments?post=628"}],"wp:featuredmedia":[{"embeddable":true,"href":"https:\/\/www.groundbreakingprojects.online\/ecommerce-modern\/wp-json\/wp\/v2\/media\/627"}],"wp:attachment":[{"href":"https:\/\/www.groundbreakingprojects.online\/ecommerce-modern\/wp-json\/wp\/v2\/media?parent=628"}],"wp:term":[{"taxonomy":"product_brand","embeddable":true,"href":"https:\/\/www.groundbreakingprojects.online\/ecommerce-modern\/wp-json\/wp\/v2\/product_brand?post=628"},{"taxonomy":"product_cat","embeddable":true,"href":"https:\/\/www.groundbreakingprojects.online\/ecommerce-modern\/wp-json\/wp\/v2\/product_cat?post=628"},{"taxonomy":"product_tag","embeddable":true,"href":"https:\/\/www.groundbreakingprojects.online\/ecommerce-modern\/wp-json\/wp\/v2\/product_tag?post=628"}],"curies":[{"name":"wp","href":"https:\/\/api.w.org\/{rel}","templated":true}]}}